{"id":1403,"date":"2024-03-07T11:59:18","date_gmt":"2024-03-07T10:59:18","guid":{"rendered":"https:\/\/propor2024.citius.gal\/?page_id=1403"},"modified":"2024-03-18T09:21:34","modified_gmt":"2024-03-18T08:21:34","slug":"discussion-panel","status":"publish","type":"page","link":"https:\/\/propor2024.citius.gal\/index.php\/discussion-panel\/","title":{"rendered":"Discussion Panel"},"content":{"rendered":"<p>[et_pb_section fb_built=&#8221;1&#8243; _builder_version=&#8221;4.20.2&#8243; _module_preset=&#8221;default&#8221; background_image=&#8221;https:\/\/propor2024.citius.gal\/wp-content\/uploads\/2023\/03\/fotoSantiagoCatedral.jpg&#8221; height=&#8221;500px&#8221; custom_padding=&#8221;0px||0px||false|false&#8221; custom_css_main_element=&#8221;position:relative;&#8221; global_colors_info=&#8221;{}&#8221;][et_pb_row _builder_version=&#8221;4.20.2&#8243; _module_preset=&#8221;default&#8221; width=&#8221;100%&#8221; max_width=&#8221;100%&#8221; height=&#8221;500px&#8221; custom_padding=&#8221;0px||0px||false|false&#8221; custom_css_main_element=&#8221;display:flex;||flex-wrap:wrap;||align-content:flex-end;&#8221; global_colors_info=&#8221;{}&#8221;][et_pb_column type=&#8221;4_4&#8243; _builder_version=&#8221;4.20.2&#8243; _module_preset=&#8221;default&#8221; global_colors_info=&#8221;{}&#8221;][\/et_pb_column][\/et_pb_row][\/et_pb_section][et_pb_section fb_built=&#8221;1&#8243; disabled_on=&#8221;off|off|off&#8221; _builder_version=&#8221;4.20.2&#8243; _module_preset=&#8221;default&#8221; custom_margin=&#8221;||||false|false&#8221; custom_padding=&#8221;0px||25px||false|false&#8221; global_colors_info=&#8221;{}&#8221;][et_pb_row _builder_version=&#8221;4.20.2&#8243; _module_preset=&#8221;default&#8221; global_colors_info=&#8221;{}&#8221;][et_pb_column type=&#8221;4_4&#8243; _builder_version=&#8221;4.20.2&#8243; _module_preset=&#8221;default&#8221; global_colors_info=&#8221;{}&#8221;][et_pb_text _builder_version=&#8221;4.20.2&#8243; _module_preset=&#8221;default&#8221; text_font=&#8221;Roboto Flex|600|||||||&#8221; text_text_color=&#8221;#050505&#8243; text_font_size=&#8221;34px&#8221; global_colors_info=&#8221;{}&#8221;]<\/p>\n<h1 style=\"text-align: center;\">Discussion Panel<\/h1>\n<p>[\/et_pb_text][et_pb_text _builder_version=&#8221;4.20.2&#8243; _module_preset=&#8221;default&#8221; text_font=&#8221;Roboto Flex|600|||||||&#8221; text_text_color=&#8221;#050505&#8243; text_font_size=&#8221;34px&#8221; global_colors_info=&#8221;{}&#8221;]<\/p>\n<p style=\"text-align: center;\"><strong><em>Artificial Intelligence and the Future of Portuguese Language<\/em><\/strong><em><\/em><\/p>\n<p style=\"text-align: center;\"><em><span style=\"font-size: medium;\">March 15, 11:30-13:00 &#8211; Sala 1 (CINC Building)<\/span><\/em><em><span style=\"font-size: medium;\"><\/span><\/em><a href=\"https:\/\/teams.microsoft.com\/l\/meetup-join\/19%3ameeting_OWNlMWE3ZTgtZjliMi00YWI1LWExZWMtNDRkMTk2MGIyM2Ex%40thread.v2\/0?context=%7b%22Tid%22%3a%228f0d452c-b7a4-4964-b810-8c397374477b%22%2c%22Oid%22%3a%22291e35ac-8de8-4377-b0b8-df218b2fbc5e%22%7d\"><span style=\"text-decoration: underline;\"><span style=\"font-size: x-large;\"><\/span><\/span><\/a><\/p>\n<p style=\"text-align: center;\"><a href=\"https:\/\/propor2024.citius.gal\/wp-content\/uploads\/2024\/03\/Rascunho.pdf\"><span style=\"font-size: medium;\">rascunho<\/span><\/a><\/p>\n<p>[\/et_pb_text][\/et_pb_column][\/et_pb_row][et_pb_row _builder_version=&#8221;4.20.2&#8243; _module_preset=&#8221;default&#8221; global_colors_info=&#8221;{}&#8221;][et_pb_column type=&#8221;4_4&#8243; _builder_version=&#8221;4.20.2&#8243; _module_preset=&#8221;default&#8221; global_colors_info=&#8221;{}&#8221;][et_pb_text _builder_version=&#8221;4.20.2&#8243; _module_preset=&#8221;default&#8221; global_colors_info=&#8221;{}&#8221;]<\/p>\n<p>The overwhelming civilisational impact of recent advances in Artificial Intelligence has become one of the the most important issues of our time. Originating in the science and technology of natural language, these advances pose unprecedented threats and opportunities in all areas of human activity, including the science and technology of language itself, as well as the human languages, that are the object of its study and promotion.<\/p>\n<p>In this context, this debate aims to stimulate clarification of the challenges facing the computational processing of the Portuguese language, and the measures that are considered necessary. At the same time, it aims to stimulate reflection on public policies for the promotion of the Portuguese language and its renewal, taking into account the multi-centred international projection of Portuguese and also its coexistence with other languages in the Ibero-American and global space, including Galician, which is hosting this edition of the PROPOR conference.<\/p>\n<p>[\/et_pb_text][\/et_pb_column][\/et_pb_row][et_pb_row column_structure=&#8221;1_3,1_3,1_3&#8243; _builder_version=&#8221;4.20.2&#8243; _module_preset=&#8221;default&#8221; global_colors_info=&#8221;{}&#8221;][et_pb_column type=&#8221;1_3&#8243; _builder_version=&#8221;4.20.2&#8243; _module_preset=&#8221;default&#8221; global_colors_info=&#8221;{}&#8221;][et_pb_image src=&#8221;https:\/\/propor2024.citius.gal\/wp-content\/uploads\/2024\/03\/ahb.jpg&#8221; title_text=&#8221;ahb&#8221; align=&#8221;center&#8221; _builder_version=&#8221;4.20.2&#8243; _module_preset=&#8221;default&#8221; width=&#8221;230px&#8221; width_tablet=&#8221;230px&#8221; width_phone=&#8221;230px&#8221; width_last_edited=&#8221;on|desktop&#8221; max_width=&#8221;230px&#8221; height=&#8221;226px&#8221; custom_margin=&#8221;||||true|true&#8221; custom_padding=&#8221;||||true|true&#8221; border_radii=&#8221;off|150px|150px|150px|&#8221; border_radii_phone=&#8221;on|160px|160px|160px|160px&#8221; border_radii_last_edited=&#8221;off|phone&#8221; global_colors_info=&#8221;{}&#8221;][\/et_pb_image][et_pb_text _builder_version=&#8221;4.20.2&#8243; _module_preset=&#8221;default&#8221; text_font=&#8221;Roboto Flex||||||||&#8221; text_text_color=&#8221;#252525&#8243; text_line_height=&#8221;1.5em&#8221; header_3_font_size=&#8221;20px&#8221; header_6_text_color=&#8221;#252525&#8243; header_6_font_size=&#8221;16px&#8221; header_6_line_height=&#8221;1.3em&#8221; text_orientation=&#8221;center&#8221; global_colors_info=&#8221;{}&#8221; text_line_height__hover_enabled=&#8221;on|desktop&#8221; text_line_height__hover=&#8221;1.5em&#8221;]<\/p>\n<h3 style=\"text-align: center;\"><strong>Ant\u00f3nio H. Branco<br \/><\/strong><\/h3>\n<p><strong><span style=\"font-weight: 400;\">Honorary President of ELRA &amp; Professor at the University of Lisbon<\/span><\/strong><\/p>\n<p style=\"text-align: center;\">\n<p>[\/et_pb_text][\/et_pb_column][et_pb_column type=&#8221;1_3&#8243; admin_label=&#8221;Column&#8221; _builder_version=&#8221;4.20.2&#8243; _module_preset=&#8221;default&#8221; global_colors_info=&#8221;{}&#8221;][et_pb_image src=&#8221;https:\/\/propor2024.citius.gal\/wp-content\/uploads\/2024\/03\/Laborinho.jpg&#8221; title_text=&#8221;Laborinho&#8221; align=&#8221;center&#8221; _builder_version=&#8221;4.20.2&#8243; _module_preset=&#8221;default&#8221; width=&#8221;230px&#8221; width_tablet=&#8221;&#8221; width_phone=&#8221;&#8221; width_last_edited=&#8221;on|desktop&#8221; max_width=&#8221;230px&#8221; module_alignment=&#8221;center&#8221; height=&#8221;226px&#8221; custom_margin=&#8221;||||true|true&#8221; custom_padding=&#8221;||||true|true&#8221; border_radii=&#8221;on|150px|150px|150px|150px&#8221; border_radii_tablet=&#8221;off|150px|150px|150px|150px&#8221; border_radii_phone=&#8221;on|150px|150px|150px|150px&#8221; border_radii_last_edited=&#8221;on|tablet&#8221; global_colors_info=&#8221;{}&#8221;][\/et_pb_image][et_pb_text _builder_version=&#8221;4.20.2&#8243; _module_preset=&#8221;default&#8221; text_font=&#8221;Roboto Flex||||||||&#8221; text_text_color=&#8221;#252525&#8243; text_line_height=&#8221;1.5em&#8221; header_3_font=&#8221;Roboto Flex||||||||&#8221; header_3_font_size=&#8221;20px&#8221; header_6_text_color=&#8221;#252525&#8243; header_6_font_size=&#8221;16px&#8221; header_6_line_height=&#8221;1.3em&#8221; text_orientation=&#8221;center&#8221; global_colors_info=&#8221;{}&#8221; text_line_height__hover_enabled=&#8221;on|desktop&#8221; text_line_height__hover=&#8221;1.5em&#8221;]<\/p>\n<h3 style=\"text-align: center;\"><strong>Ana Paula Laborinho<br \/><\/strong><\/h3>\n<p><strong><span style=\"font-weight: 400;\">Director of OEI, Portugal, and former President of Cam\u00f5es I.P.<\/span><\/strong><\/p>\n<p style=\"text-align: center;\">\n<p>[\/et_pb_text][\/et_pb_column][et_pb_column type=&#8221;1_3&#8243; _builder_version=&#8221;4.20.2&#8243; _module_preset=&#8221;default&#8221; global_colors_info=&#8221;{}&#8221;][et_pb_image src=&#8221;https:\/\/propor2024.citius.gal\/wp-content\/uploads\/2024\/03\/pinhanez.jpeg&#8221; title_text=&#8221;pinhanez&#8221; align=&#8221;center&#8221; _builder_version=&#8221;4.20.2&#8243; _module_preset=&#8221;default&#8221; width=&#8221;230px&#8221; width_tablet=&#8221;&#8221; width_phone=&#8221;&#8221; width_last_edited=&#8221;on|desktop&#8221; max_width=&#8221;230px&#8221; height=&#8221;226px&#8221; border_radii=&#8221;off|150px|150px||150px&#8221; border_radii_tablet=&#8221;off|150px|150px|150px|150px&#8221; border_radii_phone=&#8221;off|150px|150px|150px|150px&#8221; border_radii_last_edited=&#8221;on|phone&#8221; global_colors_info=&#8221;{}&#8221;][\/et_pb_image][et_pb_text _builder_version=&#8221;4.20.2&#8243; _module_preset=&#8221;default&#8221; text_font=&#8221;Roboto Flex||||||||&#8221; text_text_color=&#8221;#252525&#8243; text_line_height=&#8221;1.5em&#8221; header_3_font_size=&#8221;20px&#8221; header_6_text_color=&#8221;#252525&#8243; header_6_font_size=&#8221;16px&#8221; header_6_line_height=&#8221;1.3em&#8221; text_orientation=&#8221;center&#8221; global_colors_info=&#8221;{}&#8221; text_line_height__hover_enabled=&#8221;on|desktop&#8221; text_line_height__hover=&#8221;1.5em&#8221;]<\/p>\n<h3 style=\"text-align: center;\"><strong>Cl\u00e1udio Pinhanez<br \/><\/strong><\/h3>\n<p><strong><span style=\"font-weight: 400;\">IBM &amp; Vice-Director C4AI, Brazil<\/span><\/strong><\/p>\n<p style=\"text-align: center;\">\n<p>[\/et_pb_text][\/et_pb_column][\/et_pb_row][et_pb_row column_structure=&#8221;1_2,1_2&#8243; _builder_version=&#8221;4.20.2&#8243; _module_preset=&#8221;default&#8221; global_colors_info=&#8221;{}&#8221;][et_pb_column type=&#8221;1_2&#8243; _builder_version=&#8221;4.20.2&#8243; _module_preset=&#8221;default&#8221; global_colors_info=&#8221;{}&#8221;][et_pb_image src=&#8221;https:\/\/propor2024.citius.gal\/wp-content\/uploads\/2024\/03\/valentin.jpg&#8221; title_text=&#8221;valentin&#8221; align=&#8221;center&#8221; _builder_version=&#8221;4.20.2&#8243; _module_preset=&#8221;default&#8221; width=&#8221;230px&#8221; width_tablet=&#8221;230px&#8221; width_phone=&#8221;230px&#8221; width_last_edited=&#8221;on|desktop&#8221; max_width=&#8221;230px&#8221; height=&#8221;226px&#8221; custom_margin=&#8221;||||true|true&#8221; custom_padding=&#8221;||||true|true&#8221; border_radii=&#8221;off|150px|150px|150px|&#8221; border_radii_phone=&#8221;on|160px|160px|160px|160px&#8221; border_radii_last_edited=&#8221;off|phone&#8221; global_colors_info=&#8221;{}&#8221;][\/et_pb_image][et_pb_text _builder_version=&#8221;4.20.2&#8243; _module_preset=&#8221;default&#8221; text_font=&#8221;Roboto Flex||||||||&#8221; text_text_color=&#8221;#252525&#8243; text_line_height=&#8221;1.5em&#8221; header_3_font_size=&#8221;20px&#8221; header_6_text_color=&#8221;#252525&#8243; header_6_font_size=&#8221;16px&#8221; header_6_line_height=&#8221;1.3em&#8221; text_orientation=&#8221;center&#8221; global_colors_info=&#8221;{}&#8221; text_line_height__hover_enabled=&#8221;on|desktop&#8221; text_line_height__hover=&#8221;1.5em&#8221;]<\/p>\n<h3 style=\"text-align: center;\"><strong>Valent\u00edn Garc\u00eda<br \/><\/strong><\/h3>\n<p>Secretario Xeral de Pol\u00edtica Ling\u00fc\u00edstica, Xunta de Galicia<strong><br \/><\/strong><\/p>\n<p style=\"text-align: center;\">\n<p>[\/et_pb_text][\/et_pb_column][et_pb_column type=&#8221;1_2&#8243; admin_label=&#8221;Column&#8221; _builder_version=&#8221;4.20.2&#8243; _module_preset=&#8221;default&#8221; global_colors_info=&#8221;{}&#8221;][et_pb_image src=&#8221;https:\/\/propor2024.citius.gal\/wp-content\/uploads\/2024\/03\/ismael.jpeg&#8221; title_text=&#8221;ismael&#8221; align=&#8221;center&#8221; _builder_version=&#8221;4.20.2&#8243; _module_preset=&#8221;default&#8221; width=&#8221;230px&#8221; width_tablet=&#8221;&#8221; width_phone=&#8221;&#8221; width_last_edited=&#8221;on|desktop&#8221; max_width=&#8221;230px&#8221; module_alignment=&#8221;center&#8221; height=&#8221;226px&#8221; custom_margin=&#8221;||||true|true&#8221; custom_padding=&#8221;||||true|true&#8221; border_radii=&#8221;on|150px|150px|150px|150px&#8221; border_radii_tablet=&#8221;off|150px|150px|150px|150px&#8221; border_radii_phone=&#8221;on|150px|150px|150px|150px&#8221; border_radii_last_edited=&#8221;on|tablet&#8221; global_colors_info=&#8221;{}&#8221;][\/et_pb_image][et_pb_text _builder_version=&#8221;4.20.2&#8243; _module_preset=&#8221;default&#8221; text_font=&#8221;Roboto Flex||||||||&#8221; text_text_color=&#8221;#252525&#8243; text_line_height=&#8221;1.5em&#8221; header_3_font=&#8221;Roboto Flex||||||||&#8221; header_3_font_size=&#8221;20px&#8221; header_6_text_color=&#8221;#252525&#8243; header_6_font_size=&#8221;16px&#8221; header_6_line_height=&#8221;1.3em&#8221; text_orientation=&#8221;center&#8221; global_colors_info=&#8221;{}&#8221; text_line_height__hover_enabled=&#8221;on|desktop&#8221; text_line_height__hover=&#8221;1.5em&#8221;]<\/p>\n<h3 style=\"text-align: center;\"><strong>Ismael G\u00f3mez Garc\u00eda<br \/><\/strong><\/h3>\n<p><strong><span style=\"font-weight: 400;\">Director of Global Digital Strategy at OEI, Spain<\/span><\/strong><\/p>\n<p style=\"text-align: center;\">\n<p>[\/et_pb_text][\/et_pb_column][\/et_pb_row][\/et_pb_section]<\/p>\n","protected":false},"excerpt":{"rendered":"<p>Discussion PanelArtificial Intelligence and the Future of Portuguese Language March 15, 11:30-13:00 &#8211; Sala 1 (CINC Building) rascunhoThe overwhelming civilisational impact of recent advances in Artificial Intelligence has become one of the the most important issues of our time. Originating in the science and technology of natural language, these advances pose unprecedented threats and opportunities [&hellip;]<\/p>\n","protected":false},"author":1,"featured_media":0,"parent":0,"menu_order":0,"comment_status":"closed","ping_status":"closed","template":"","meta":{"_et_pb_use_builder":"on","_et_pb_old_content":"","_et_gb_content_width":""},"yoast_head":"<!-- This site is optimized with the Yoast SEO plugin v20.4 - https:\/\/yoast.com\/wordpress\/plugins\/seo\/ -->\n<title>Discussion Panel - PROPOR 2024 - Universidade de Santiago de Compostela<\/title>\n<meta name=\"robots\" content=\"index, follow, max-snippet:-1, max-image-preview:large, max-video-preview:-1\" \/>\n<link rel=\"canonical\" href=\"https:\/\/propor2024.citius.gal\/index.php\/discussion-panel\/\" \/>\n<meta name=\"twitter:card\" content=\"summary_large_image\" \/>\n<meta name=\"twitter:title\" content=\"Discussion Panel - PROPOR 2024 - Universidade de Santiago de Compostela\" \/>\n<meta name=\"twitter:description\" content=\"Discussion PanelArtificial Intelligence and the Future of Portuguese Language March 15, 11:30-13:00 - Sala 1 (CINC Building) rascunhoThe overwhelming civilisational impact of recent advances in Artificial Intelligence has become one of the the most important issues of our time. Originating in the science and technology of natural language, these advances pose unprecedented threats and opportunities [&hellip;]\" \/>\n<script type=\"application\/ld+json\" class=\"yoast-schema-graph\">{\"@context\":\"https:\/\/schema.org\",\"@graph\":[{\"@type\":\"WebPage\",\"@id\":\"https:\/\/propor2024.citius.gal\/index.php\/discussion-panel\/\",\"url\":\"https:\/\/propor2024.citius.gal\/index.php\/discussion-panel\/\",\"name\":\"Discussion Panel - PROPOR 2024 - Universidade de Santiago de Compostela\",\"isPartOf\":{\"@id\":\"https:\/\/propor2024.citius.gal\/#website\"},\"datePublished\":\"2024-03-07T10:59:18+00:00\",\"dateModified\":\"2024-03-18T08:21:34+00:00\",\"breadcrumb\":{\"@id\":\"https:\/\/propor2024.citius.gal\/index.php\/discussion-panel\/#breadcrumb\"},\"inLanguage\":\"en-GB\",\"potentialAction\":[{\"@type\":\"ReadAction\",\"target\":[\"https:\/\/propor2024.citius.gal\/index.php\/discussion-panel\/\"]}]},{\"@type\":\"BreadcrumbList\",\"@id\":\"https:\/\/propor2024.citius.gal\/index.php\/discussion-panel\/#breadcrumb\",\"itemListElement\":[{\"@type\":\"ListItem\",\"position\":1,\"name\":\"Home\",\"item\":\"https:\/\/propor2024.citius.gal\/\"},{\"@type\":\"ListItem\",\"position\":2,\"name\":\"Discussion Panel\"}]},{\"@type\":\"WebSite\",\"@id\":\"https:\/\/propor2024.citius.gal\/#website\",\"url\":\"https:\/\/propor2024.citius.gal\/\",\"name\":\"PROPOR 2024 - Universidade de Santiago de Compostela\",\"description\":\"International Conference on Computational Processing of Portuguese\",\"publisher\":{\"@id\":\"https:\/\/propor2024.citius.gal\/#organization\"},\"potentialAction\":[{\"@type\":\"SearchAction\",\"target\":{\"@type\":\"EntryPoint\",\"urlTemplate\":\"https:\/\/propor2024.citius.gal\/?s={search_term_string}\"},\"query-input\":\"required name=search_term_string\"}],\"inLanguage\":\"en-GB\"},{\"@type\":\"Organization\",\"@id\":\"https:\/\/propor2024.citius.gal\/#organization\",\"name\":\"PROPOR 2024 - Universidade de Santiago de Compostela\",\"url\":\"https:\/\/propor2024.citius.gal\/\",\"logo\":{\"@type\":\"ImageObject\",\"inLanguage\":\"en-GB\",\"@id\":\"https:\/\/propor2024.citius.gal\/#\/schema\/logo\/image\/\",\"url\":\"http:\/\/172.16.240.236\/wp-content\/uploads\/2023\/03\/faviconPROPOR2024.png\",\"contentUrl\":\"http:\/\/172.16.240.236\/wp-content\/uploads\/2023\/03\/faviconPROPOR2024.png\",\"width\":200,\"height\":200,\"caption\":\"PROPOR 2024 - Universidade de Santiago de Compostela\"},\"image\":{\"@id\":\"https:\/\/propor2024.citius.gal\/#\/schema\/logo\/image\/\"}}]}<\/script>\n<!-- \/ Yoast SEO plugin. -->","yoast_head_json":{"title":"Discussion Panel - PROPOR 2024 - Universidade de Santiago de Compostela","robots":{"index":"index","follow":"follow","max-snippet":"max-snippet:-1","max-image-preview":"max-image-preview:large","max-video-preview":"max-video-preview:-1"},"canonical":"https:\/\/propor2024.citius.gal\/index.php\/discussion-panel\/","twitter_card":"summary_large_image","twitter_title":"Discussion Panel - PROPOR 2024 - Universidade de Santiago de Compostela","twitter_description":"Discussion PanelArtificial Intelligence and the Future of Portuguese Language March 15, 11:30-13:00 - Sala 1 (CINC Building) rascunhoThe overwhelming civilisational impact of recent advances in Artificial Intelligence has become one of the the most important issues of our time. Originating in the science and technology of natural language, these advances pose unprecedented threats and opportunities [&hellip;]","schema":{"@context":"https:\/\/schema.org","@graph":[{"@type":"WebPage","@id":"https:\/\/propor2024.citius.gal\/index.php\/discussion-panel\/","url":"https:\/\/propor2024.citius.gal\/index.php\/discussion-panel\/","name":"Discussion Panel - PROPOR 2024 - Universidade de Santiago de Compostela","isPartOf":{"@id":"https:\/\/propor2024.citius.gal\/#website"},"datePublished":"2024-03-07T10:59:18+00:00","dateModified":"2024-03-18T08:21:34+00:00","breadcrumb":{"@id":"https:\/\/propor2024.citius.gal\/index.php\/discussion-panel\/#breadcrumb"},"inLanguage":"en-GB","potentialAction":[{"@type":"ReadAction","target":["https:\/\/propor2024.citius.gal\/index.php\/discussion-panel\/"]}]},{"@type":"BreadcrumbList","@id":"https:\/\/propor2024.citius.gal\/index.php\/discussion-panel\/#breadcrumb","itemListElement":[{"@type":"ListItem","position":1,"name":"Home","item":"https:\/\/propor2024.citius.gal\/"},{"@type":"ListItem","position":2,"name":"Discussion Panel"}]},{"@type":"WebSite","@id":"https:\/\/propor2024.citius.gal\/#website","url":"https:\/\/propor2024.citius.gal\/","name":"PROPOR 2024 - Universidade de Santiago de Compostela","description":"International Conference on Computational Processing of Portuguese","publisher":{"@id":"https:\/\/propor2024.citius.gal\/#organization"},"potentialAction":[{"@type":"SearchAction","target":{"@type":"EntryPoint","urlTemplate":"https:\/\/propor2024.citius.gal\/?s={search_term_string}"},"query-input":"required name=search_term_string"}],"inLanguage":"en-GB"},{"@type":"Organization","@id":"https:\/\/propor2024.citius.gal\/#organization","name":"PROPOR 2024 - Universidade de Santiago de Compostela","url":"https:\/\/propor2024.citius.gal\/","logo":{"@type":"ImageObject","inLanguage":"en-GB","@id":"https:\/\/propor2024.citius.gal\/#\/schema\/logo\/image\/","url":"http:\/\/172.16.240.236\/wp-content\/uploads\/2023\/03\/faviconPROPOR2024.png","contentUrl":"http:\/\/172.16.240.236\/wp-content\/uploads\/2023\/03\/faviconPROPOR2024.png","width":200,"height":200,"caption":"PROPOR 2024 - Universidade de Santiago de Compostela"},"image":{"@id":"https:\/\/propor2024.citius.gal\/#\/schema\/logo\/image\/"}}]}},"_links":{"self":[{"href":"https:\/\/propor2024.citius.gal\/index.php\/wp-json\/wp\/v2\/pages\/1403"}],"collection":[{"href":"https:\/\/propor2024.citius.gal\/index.php\/wp-json\/wp\/v2\/pages"}],"about":[{"href":"https:\/\/propor2024.citius.gal\/index.php\/wp-json\/wp\/v2\/types\/page"}],"author":[{"embeddable":true,"href":"https:\/\/propor2024.citius.gal\/index.php\/wp-json\/wp\/v2\/users\/1"}],"replies":[{"embeddable":true,"href":"https:\/\/propor2024.citius.gal\/index.php\/wp-json\/wp\/v2\/comments?post=1403"}],"version-history":[{"count":8,"href":"https:\/\/propor2024.citius.gal\/index.php\/wp-json\/wp\/v2\/pages\/1403\/revisions"}],"predecessor-version":[{"id":1695,"href":"https:\/\/propor2024.citius.gal\/index.php\/wp-json\/wp\/v2\/pages\/1403\/revisions\/1695"}],"wp:attachment":[{"href":"https:\/\/propor2024.citius.gal\/index.php\/wp-json\/wp\/v2\/media?parent=1403"}],"curies":[{"name":"wp","href":"https:\/\/api.w.org\/{rel}","templated":true}]}}